 the remainder when 76191413 is divided by 110.
23
What is the remainder when 29027063 is divided by 6?
5
What is the remainder when 22060796 is divided by 101662?
142
What is the remainder when 13989 is divided by 1058?
235
What is the remainder when 26066049 is divided by 19?
6
What is the remainder when 1913712 is divided by 956855?
2
Calculate the remainder when 47627 is divided by 520.
307
What is the remainder when 34486537 is divided by 2751?
1
Calculate the remainder when 14469518 is divided by 162.
2
What is the remainder when 2061 is divided by 188?
181
What is the remainder when 61894 is divided by 717?
232
What is the remainder when 2450822 is divided by 159?
155
Calculate the remainder when 971614 is divided by 368.
94
Calculate the remainder when 24990815 is divided by 25066.
13
Calculate the remainder when 30068891 is divided by 20.
11
Calculate the remainder when 7221243 is divided by 138870.
3
What is the remainder when 222998 is divided by 487?
439
What is the remainder when 401076 is divided by 40097?
106
What is the remainder when 254942112 is divided by 254942102?
10
Calculate the remainder when 198698 is divided by 66185.
143
Calculate the remainder when 4236958 is divided by 3403.
223
Calculate the remainder when 3250605 is divided by 238.
1
Calculate the remainder when 127632 is divided by 2712.
168
Calculate the remainder when 357748 is divided by 2519.
50
Calculate the remainder when 15113765 is divided by 7556878.
9
What is the remainder when 238053 is divided by 78498?
2559
What is the remainder when 8970615 is divided by 5558?
3
What is the remainder when 3894069 is divided by 1946989?
91
Calculate the remainder when 15571 is divided by 1691.
352
What is the remainder when 54080967 is divided by 29?
27
Calculate the remainder when 9053207 is divided by 782.
775
Calculate the remainder when 13922015 is divided by 1843.
1836
Calculate the remainder when 52052 is divided by 2835.
1022
Calculate the remainder when 6357968 is divided by 1837.
111
What is the remainder when 7959557 is divided by 7044?
6881
Calculate the remainder when 405434 is divided by 1769.
333
Calculate the remainder when 74643283 is divided by 153587.
1
What is the remainder when 5199354 is divided by 5009?
12
What is the remainder when 590900 is divided by 84412?
16
Calculate the remainder when 468276 is divided by 1014.
822
Calculate the remainder when 1508940 is divided by 83829.
18
What is the remainder when 415014 is divided by 7067?
5128
Calculate the remainder when 6734134 is divided by 74.
60
What is the remainder when 925229 is divided by 925220?
9
Calculate the remainder when 58164 is divided by 7956.
2472
What is the remainder when 2878 is divided by 42?
22
What is the remainder when 25013598 is divided by 50?
48
Calculate the remainder when 1342748 is divided by 1341856.
892
Calculate the remainder when 667063718 is divided by 4.
2
Calculate the remainder when 89509 is divided by 17718.
919
Calculate the remainder when 1806429 is divided by 163.
63
What is the remainder when 942070 is divided by 640?
630
Calculate the remainder when 64338 is divided by 134.
18
What is the remainder when 8923 is divided by 1189?
600
What is the remainder when 72230336 is divided by 1092?
1088
Calculate the remainder when 1164106 is divided by 253.
53
What is the remainder when 15385928 is divided by 210766?
10
Calculate the remainder when 355077 is divided by 651.
282
Calculate the remainder when 199186 is divided by 49273.
2094
What is the remainder when 25908 is divided by 884?
272
What is the remainder when 71626 is divided by 1627?
38
Calculate the remainder when 1686601 is divided by 337318.
11
What is the remainder when 723703 is divided by 26802?
49
What is the remainder when 62200004 is divided by 48?
20
Calculate the remainder when 7112397 is divided by 5878.
17
Calculate the remainder when 370384 is divided by 1981.
1918
Calculate the remainder when 610261 is divided by 203400.
61
What is the remainder when 93587599 is divided by 304?
287
Calculate the remainder when 656033 is divided by 53.
52
Calculate the remainder when 5613112 is divided by 255140.
32
What is the remainder when 7833710 is divided by 9?
2
What is the remainder when 90639280 is divided by 279?
271
What is the remainder when 578547 is divided by 182?
151
What is the remainder when 160891 is divided by 7788?
5131
What is the remainder when 112343 is divided by 141?
107
What is the remainder when 20304999 is divided by 775?
774
Calculate the remainder when 15182132 is divided by 32.
20
What is the remainder when 37007629 is divided by 31?
15
Calculate the remainder when 1144464827 is divided by 16663.
16661
Calculate the remainder when 364383 is divided by 2495.
113
Calculate the remainder when 26949812 is divided by 5.
2
Calculate the remainder when 533256 is divided by 2627.
2602
Calculate the remainder when 324080847 is divided by 25.
22
What is the remainder when 127257 is divided by 1058?
297
Calculate the remainder when 20466 is divided by 1425.
516
Calculate the remainder when 207943 is divided by 17308.
247
What is the remainder when 19396702 is divided by 1064?
1046
Calculate the remainder when 1402299 is divided by 467433.
0
What is the remainder when 36122029 is divided by 7?
6
Calculate the remainder when 146350 is divided by 1111.
809
What is the remainder when 7217832 is divided by 40323?
15
What is the remainder when 2955277 is divided by 34?
31
Calculate the remainder when 63262 is divided by 63247.
15
What is the remainder when 496356836 is divided by 201?
200
What is the remainder when 2921276 is divided by 42?
8
Calculate the remainder when 32746 is divided by 16.
10
What is the remainder when 29766736 is divided by 239?
3
What is the remainder when 608394 is divided by 4946?
36
What is the remainder when 468863 is divided by 76?
19
What is the remainder when 562230 is divided by 187143?
801
Calculate the remainder when 318661 is divided by 21.
7
What is the remainder when 371513 is divided by 498?
5
Calculate the remainder when 40887 is divided by 7771.
2032
Calculate the remainder when 21576 is divided by 15788.
5788
What is the remainder when 2565 is divided by 2430?
135
What is the remainder when 6488276 is divided by 7?
4
What is the remainder when 29812789 is divided by 10?
9
What is the remainder when 95743400 is divided by 44?
16
Calculate the remainder when 3443813 is divided by 2858.
2781
What is the remainder when 440051 is divided by 381?
377
Calculate the remainder when 61745 is divided by 4555.
2530
Calculate the remainder when 22957 is divided by 22923.
34
Calculate the remainder when 152218 is divided by 93.
70
What is the remainder when 17582929 is divided by 4?
1
What is the remainder when 701609499 is divided by 25?
24
What is the remainder when 8552665 is divided by 954?
55
Calculate the remainder when 2302510 is divided by 92100.
10
What is the remainder when 304938 is divided by 1154?
282
Calculate the remainder when 13977073 is divided by 1659.
1657
Calculate the remainder when 38891 is divided by 3315.
2426
Calculate the remainder when 186602 is divided by 44498.
8610
What is the remainder when 8929335 is divided by 495?
30
What is the remainder when 5697107 is divided by 1899035?
2
Calculate the remainder when 570878 is divided by 862.
234
What is the remainder when 2226300 is divided by 26?
24
Calculate the remainder when 587757 is divided by 97.
34
Calculate the remainder when 1268724 is divided by 18935.
79
What is the remainder when 219928 is divided by 218858?
1070
What is the remainder when 24028648 is divided by 255?
253
Calculate the remainder when 945456 is divided by 188.
4
Calculate the remainder when 9698629 is divided by 328.
325
Calculate the remainder when 390396 is divided by 12590.
106
Calculate the remainder when 3810773 is divided by 29.
28
What is the remainder when 3495830 is divided by 55488?
86
Calculate the remainder when 979436 is divided by 124.
84
What is the remainder when 53961 is divided by 3169?
88
What is the remainder when 126374242 is divided by 2038294?
14
Calculate the remainder when 1374394342 is divided by 24.
22
Calculate the remainder when 59494136 is divided by 19564.
12
What is the remaind